e the highest common factor of 32 and n.
16
Let d(r) = 3*r**2 + 2*r - 17. Let f(t) = 4*t**2 + 3*t - 25. Let j(w) = 7*d(w) - 5*f(w). Let g be j(0). Calculate the highest common divisor of g and 9.
3
Let q(l) = 3*l - 40. Let f(j) = -10*j + 121. Let w(s) = -2*f(s) - 7*q(s). Let m be w(-26). Calculate the greatest common divisor of m and 16.
16
Let s = 0 - -171. Calculate the greatest common divisor of 18 and s.
9
Let d(u) = -20*u. Suppose v + 8 = -4*z + 3*z, -4*z = 5*v + 39. Let h be d(v). Let f be 1/3*-2*-42. Calculate the highest common divisor of h and f.
28
Let k be (-21 - -17) + 450 + -1. Let p = -295 + k. Calculate the greatest common factor of 25 and p.
25
Let w = -668 + 778. Calculate the highest common factor of w and 935.
55
Let d(m) = -m**2 + 24*m - 22. Let r be d(23). What is the greatest common divisor of 1 and r?
1
Let z = 35 - 25. Suppose -8*n = -3*n - 150. What is the highest common factor of z and n?
10
Let r(a) = -a**3 + 9*a**2 + 1. Let n be r(8). What is the greatest common factor of n and 39?
13
Suppose 0 = 4*n - z - 78, n - 8 - 16 = -2*z. Let i = -290 + 295. Calculate the highest common divisor of n and i.
5
Suppose -5*z + 56 = -24. Let u(t) = -2*t**3 - 3*t**2 - 31*t - 104. Let g be u(-3). What is the greatest common factor of z and g?
16
Suppose 0 = -3*f + 5*i + 117, 232 = -2*f + 7*f + 4*i. Calculate the highest common factor of f and 1364.
44
Suppose -5*q + 127 + 68 = 0. Suppose 0 = 8*t + 5*t - q. What is the highest common factor of t and 9?
3
Suppose -12*k - 2*k = -154. What is the greatest common factor of k and 1?
1
Suppose 25 = 3*l - 5. Let b be (1 + -1 + 3)/(198/660). Calculate the highest common divisor of b and l.
10
Let a be (((-250)/8)/1)/((-66)/528). Calculate the highest common factor of a and 50.
50
Suppose -7*o - 4586 = -4698. Calculate the greatest common factor of o and 2224.
16
Let w be 5 + 2/(-4 - -2). Let x be (w*-4*2)/(-2). What is the greatest common divisor of 112 and x?
16
Let k(d) = -7*d - 13. Let l be k(11). Let n = l - -98. What is the highest common factor of n and 72?
8
Suppose 3*u + 8 = -4*v + 60, 5*u - 130 = 2*v. Suppose 2*b + 34 = g, 3*g + 35 - 117 = 2*b. Calculate the highest common factor of u and g.
24
Let v be (-1)/(-2)*0/(-4). Suppose v*d - j + 19 = 2*d, 3*d = -4*j + 21. Calculate the greatest common factor of d and 44.
11
Let t be (1*-6)/(-3) - 4. Let h be (-14 - (t - -1)) + 4. Let q be (-110)/(-1) + 7 + h. Calculate the highest common divisor of 12 and q.
12
Let a(c) = -1 + 1 + 2*c - 3*c + 9. Let v be a(5). Suppose -4*u + 20 = v. What is the highest common divisor of u and 1?
1
Let x(t) = -10*t - 207. Let m be x(-24). Calculate the highest common factor of m and 165.
33
Suppose -2*n - 3*n = -40. Let b be (4 + 0)/8 + (-477)/(-2). Suppose 4*x - b = -15. Calculate the greatest common factor of x and n.
8
Let k(r) = -11*r**2 - 23 + 10*r + r**3 - 4 - 19*r. Let q be k(12). Calculate the greatest common factor of 99 and q.
9
Suppose 19*u = 22*u. Suppose 4*f + 3*m + 73 = 450, u = -4*m - 20. Calculate the greatest common divisor of 14 and f.
14
Suppose -1497 + 393 = -23*h. Calculate the highest common factor of h and 28.
4
Let z = 337 + 71. Calculate the greatest common divisor of 34 and z.
34
Let l(t) = 2*t + 12. Let u be l(0). Let f = -9 + u. Suppose -5*a - 335 = -4*y, -f*y - 3*a + 4*a = -243. Calculate the highest common factor of 16 and y.
16
Let u = -5 + 11. Suppose 0 = 2*o + o - 4*z - 28, o - 3*z = u. Let a = -249 - -279. What is the greatest common factor of a and o?
6
Suppose -1288 - 213 = -19*t. What is the greatest common factor of 3239 and t?
79
Suppose 4*h - 3 = x, 2*h + 11 = -4*x + 7*x. Calculate the greatest common divisor of x and 80.
5
Suppose 0 = 5*d - 1152 - 648. Let n = -216 + d. What is the highest common divisor of n and 9?
9
Suppose 38 = 3*f - 58. Let v be 100/(-10)*4/(-10). Let r be v/24 - (-190)/12. Calculate the highest common factor of r and f.
16
Suppose -3*k + 344 = 4*d - 662, 0 = 4*k + 2*d - 1328. Calculate the greatest common divisor of k and 462.
66
Let b(r) = 22*r**2 - 2*r - 4. Let p be b(-3). Suppose -12*w = -476 + p. Calculate the highest common divisor of 23 and w.
23
Suppose -7 + 79 = -3*k. Let f be 436/6*k/(-16). Suppose -f - 41 = -2*o. Calculate the highest common factor of o and 15.
15
Suppose -2*f = 4*f - 432. What is the greatest common factor of f and 162?
18
Let d = -791 - -833. What is the highest common factor of 448 and d?
14
Suppose 0 = -7*n - 21*n + 1008. What is the greatest common divisor of 16 and n?
4
Let i = -105 - -194. Suppose -5*z + 146 = -i. Calculate the greatest common divisor of 423 and z.
47
Let n be (-1)/(((-8)/956)/2). Suppose 2*u + 618 + n = -5*x, -5*x - 5*u = 860. Let v = -99 - x. Calculate the greatest common divisor of 8 and v.
8
Suppose -2*y = -5*g + 5, -5*y - 24 = -0*g - g. Let n = 7 - y. What is the highest common factor of 3 and n?
3
Suppose -w + 15 = -15. Let i(b) = 7*b - 15. Let l(h) = 22*h - 46. Let n(k) = -16*i(k) + 5*l(k). Let z be n(-5). Calculate the highest common factor of w and z.
10
Suppose 5*v = -5 + 30. Suppose -a - 30 = -4*f, 5*f + 3*a - 39 = v*a. Let y(u) = -8*u + 8. Let d be y(-6). Calculate the greatest common divisor of d and f.
7
Let h be ((-4)/(-4) - -2) + 3. Suppose h*n - 42 = -18. Suppose 0*k + n*k = -8, 5*y = 4*k + 688. What is the highest common divisor of 17 and y?
17
Suppose 5*a - 269 = 181. Calculate the greatest common factor of a and 342.
18
Let z = -54 - -104. Suppose 9*q = -2*g + 4*q + 50, -2*g + 5*q = -30. Calculate the greatest common divisor of g and z.
10
Let p(y) = -22*y - 2. Let x be p(-1). Suppose -j = -h + 6 + 1, -3*j - 41 = -5*h. What is the highest common factor of h and x?
10
Suppose 3*c + 2*p - 1201 = 3*p, -3*c + 2*p + 1202 = 0. Calculate the highest common factor of 16 and c.
16
Suppose 0 = -2*l, 28*v - 5*l = 24*v + 8136. Calculate the highest common divisor of 18 and v.
18
Let l(a) = a**3 - 36*a**2 + 207*a + 14. Let v be l(29). What is the greatest common factor of v and 312?
26
Let z(i) = 3*i**3 + 3*i**2 + i - 8. Let f be z(2). Calculate the highest common divisor of 150 and f.
30
Suppose -p + 2*p = 26. Suppose 5*d = -j + 70 + 125, 4*d + j = 156. Calculate the highest common factor of d and p.
13
Let t(w) = w**2 - 5*w - 13. Let o be t(10). Calculate the highest common factor of 148 and o.
37
Let t(r) = 10*r - 32. Let n be t(9). Let b = n + -2. Calculate the greatest common divisor of b and 7.
7
Let y be 494/3 + 10/30. Calculate the highest common divisor of 66 and y.
33
Suppose -2*s + 7 = 17. Let f be (-1 + s/4)/(38/(-2280)). Calculate the highest common factor of 27 and f.
27
Let h = 513 + -352. Calculate the greatest common factor of 7 and h.
7
Let x be (192/10)/((-69)/(-230)). Calculate the greatest common factor of 928 and x.
32
Let y be 27/18 + (-2)/(-6 + 2). Suppose 4*p - y*p = 4. What is the highest common divisor of p and 16?
2
Let k(a) = -16*a - 10. Let q be k(-9). Let z = 150 - q. What is the highest common factor of 4 and z?
4
Suppose 370*v - 360*v = 160. Calculate the greatest common factor of 116 and v.
4
Let w = 40 + 54. Suppose -5*y - 2*u = -w - 460, -2*u - 546 = -5*y. What is the highest common divisor of y and 10?
10
Suppose -4*l = -6*l. Suppose 2*d + 696 = 4*n - 2*d, l = -n + 4*d + 168. Calculate the greatest common divisor of 16 and n.
16
Let p be 6/(5*(-6)/(-160)). Let c = -18 + p. Calculate the greatest common divisor of c and 126.
14
Let g(y) = -190*y - 116. Let r be g(-6). Calculate the highest common factor of 8 and r.
8
Suppose 5*o + 46 = 2*c - 0*c, 4*c + 5*o = 152. Let d(t) = -6*t - 2. Let y be d(-2). Let u be 44/(-3)*(-15)/y. What is the highest common divisor of u and c?
11
Let m(o) = 3*o + 1. Let n be m(1). Suppose -2772 = -n*g - 5*g. What is the highest common factor of 44 and g?
44
Suppose 0*d + 30 = 4*w + d, -d = -3*w + 26. Let a(m) = 2*m**3 - 4*m**2 + 5*m + 2. Let z be a(2). What is the greatest common divisor of z and w?
4
Let d be ((-2)/(-2))/((-5)/(-15)). Suppose i - 5*i - 5*y + 22 = 0, 2*i - 4*y - 24 = 0. Let x = i - d. Calculate the highest common divisor of 25 and x.
5
Let s = 1564 + -1557. Calculate the greatest common factor of s and 1253.
7
Let w(n) = n - 8. Let k be w(11). What is the greatest common divisor of k and 2?
1
Let x(g) = 